 3*q - 15. What is the units digit of v(7)?
0
Suppose -10*p - 137*p + 62124 + 213354 = 0. What is the thousands digit of p?
1
Let y(m) = 2*m**2 + m**3 - 5*m**2 + 1 + 7*m - 3*m**2. Suppose -4*p = -5*p + 5*g - 8, 3*g - 9 = 0. What is the units digit of y(p)?
9
Let l = 21196 - 14202. What is the thousands digit of l?
6
Suppose -3*i = -8*b + 4*b + 28, 14 = 2*b - 2*i. Suppose 0 = -b*o + 172 + 458. Let y = 106 - o. What is the units digit of y?
6
Let d(m) = -m**3 - 8*m**2 + 4*m + 14. Let w be d(-8). Let r = w - -22. Suppose r*p - 2*p = 188. What is the tens digit of p?
9
Let r = -544 - -26. Suppose -3*d + 3*v - 1544 = 2*d, 934 = -3*d - 2*v. Let w = d - r. What is the hundreds digit of w?
2
Let d = 863 - 479. Let g = 957 - d. Suppose 4*m - g = m. What is the tens digit of m?
9
Let m(t) = 200*t + 48. Let o = -241 - -243. What is the tens digit of m(o)?
4
Let n(y) = 2*y**3 - 28*y**2 + 46*y + 4. What is the units digit of n(18)?
4
Let z be (7/(-21))/(1/(-15)). Suppose 4*q = z*p - 25 - 4, 4*p + 3*q = 48. What is the units digit of p?
9
Let a be (-1)/(-4) + 4 + 39/(-12). Let q be a/((10/668)/5). Let u = q - 206. What is the units digit of u?
8
Suppose -33*d = -14*d + 788059 - 1997257. What is the tens digit of d?
4
Let l(x) = x**3 + 11*x**2 - 4*x + 17. Let j be l(-11). Let c = 7 + j. Suppose -c = -q - q. What is the tens digit of q?
3
Let i be -3 - 1 - (-1 - (2 - -1054)). Suppose -1048*b - 2405 = -i*b. What is the units digit of b?
1
Let x be (4 + 1 - 2) + (-1948 - -8). Let c = 2774 + x. What is the units digit of c?
7
Suppose -3*i = -9, 149 = -y + 2*i + 3*i. Let t = y + 84. What is the units digit of 60/t*10/(-2)?
6
Suppose 2*t - t = 2*i - 18, 0 = t - 4. Let c = i - 43. Let q = c + 96. What is the tens digit of q?
6
Let v = 74 - 75. Let m = -12 - v. Let c = 21 + m. What is the tens digit of c?
1
Suppose -5*c + 13 = -s, s + 7 = 5*c - 2*c. Suppose -3*v - 6*k = -c*k + 12, 0 = 4*v + 2*k + 18. Let t(p) = 9*p**2 - 9*p - 15. What is the hundreds digit of t(v)?
2
What is the hundreds digit of (1 + -1*(0 + 2))/((-2)/13886)?
9
Suppose c = -4*n - 2, 4*n = n + 4*c + 8. What is the units digit of 54/(18/60 - n)?
0
Suppose -138983 = -192*v + 179*v. Suppose -v = -6*i - 1793. What is the hundreds digit of i?
4
Suppose 0 = 15*s - 32*s + 155006. What is the units digit of s?
8
Suppose 0 = i - 9*i - 496. Let r = i - -305. What is the units digit of r?
3
Let k = -274 + 274. What is the tens digit of k + -5 - (-766 - -16)?
4
Let q = -357 - -367. Suppose 0 = -q*u + 13186 - 986. What is the units digit of u?
0
Suppose 3*n + 2010 = 3*h, h + 0*n - 690 = -3*n. Suppose -657*k - 740 = -661*k. Suppose k = 4*i - h. What is the hundreds digit of i?
2
Let w be (-20)/(-30) - 74/(-6). Suppose -14*l + w*l + 22 = 0. Suppose 4*y - l = 150. What is the units digit of y?
3
Suppose -2*t = t. Suppose 0 = 5*d - 10, t = z + 2*d + 74. What is the units digit of (-12)/z - 245/(-13)?
9
Suppose 37 = d - 47. Suppose z + d = 108. What is the tens digit of z?
2
Let w(t) = -366*t**3 - 310*t**3 - 3 + 547*t**3 - 3*t. Let q(j) = -j**3 - 10*j**2 - j - 11. Let n be q(-10). What is the hundreds digit of w(n)?
1
Let f = -27078 + 46814. What is the hundreds digit of f?
7
Suppose -4*u + 0*f + 2*f + 78 = 0, 4*f + 72 = 4*u. What is the thousands digit of 10200/7 + ((-3)/u)/1?
1
Let t = -188 - -188. Suppose 38*r - 39*r + 339 = t. What is the tens digit of r?
3
Suppose -18*a - 84 = -354. Suppose -2*t = -a*c + 17*c - 396, 0 = -4*t + 5*c + 810. What is the hundreds digit of t?
2
Suppose 25*x - 9*x = -6752. Let z = -409 - x. What is the units digit of z?
3
Let w be (-17)/((-85)/240) - 6. Let k = 172 - w. What is the tens digit of k?
3
Suppose 0 = -3*x + 4*p + 39, -8*p = -7*p. Suppose -v + 300 = -2*j - x, -3*j = -12. What is the tens digit of v?
2
Suppose -15*y - 34 = -304. Suppose 4*j + 20 = 0, -3*k + 17*j + 1387 = y*j. What is the tens digit of k?
6
Let b(z) = -z**3 + 14*z**2 + 7*z - 26. Let j be b(12). Suppose -3*d - 3*v = -2*v - 131, 5*d - 4*v - 190 = 0. Suppose d = -4*f + j. What is the units digit of f?
6
Suppose -2*d = -29132 + 7271 - 54313. What is the ten thousands digit of d?
3
Let c be (-289)/51 + 3/(-9). What is the hundreds digit of c/10 - 88/(-55) - -160?
1
Let h = 373 + -375. Let w(p) = -178*p + 33. What is the hundreds digit of w(h)?
3
Suppose -23*o + 371 + 388 = 0. What is the hundreds digit of 6 - o/3 - (-1228)/2?
6
Let h(y) = 198*y - 20. Let p be h(7). Suppose 2*q - 4*g - p = 0, -q + 17*g - 22*g = -690. What is the units digit of q?
5
Let d = -260 + 422. Let p = d - -294. What is the units digit of p?
6
Let d = 708 - 705. Suppose 4*v - 5*j = 1137 + 2056, d*v = -2*j + 2366. What is the tens digit of v?
9
Let c(a) = -186*a - 3 - 190*a + a**2 + 367*a. Let u(d) = -d**2 - 11*d - 8. Let h be u(-9). What is the units digit of c(h)?
7
Suppose -51*v - 20*v = -206983 + 9674. What is the units digit of v?
9
Let h(m) = m**2 - m - 11. Let b be h(7). Let s = 36 - b. Suppose 2*x - s*l = 397, 4*l + 144 + 455 = 3*x. What is the tens digit of x?
0
Let a = 4309 + 4271. What is the hundreds digit of a?
5
Let g = -278 - -272. What is the hundreds digit of g/(-27) + -4 + (-5794)/(-9)?
6
Let o(f) = 82*f**2 + f + 5. Let t(p) = -6*p + 56. Let z be t(9). What is the tens digit of o(z)?
3
Suppose 0 = -5*g + 5*p + 870, -166 = -g - 0*g + 3*p. Suppose -t + 193 = 76. Let z = g - t. What is the units digit of z?
1
Suppose 4*p + 2*d = -186, 4*d - 214 + 10 = 4*p. Let w = 3366 - 3313. Let t = w - p. What is the hundreds digit of t?
1
Let h = 470 - 183. Let y = 173 + h. What is the units digit of y?
0
Suppose 2*p - 6 = 0, 0*b + b = 3*p - 7. Let c be (-4)/8*b + -5. Let h = 21 + c. What is the units digit of h?
5
Suppose 5*r = 2*w + 324, -4*r = -3*w + 2*w - 261. Let n = 70 - r. Suppose 5*q - 3*s - 520 = 0, n*s - 416 = -0*q - 4*q. What is the units digit of q?
4
Suppose 5*b = 420 - 75. Suppose 66*s = b*s - 4407. What is the units digit of s?
9
Let x = -135 + 229. Let q = -91 + x. Suppose t - 2*r - 75 = 0, -3*r + 12 = q. What is the tens digit of t?
8
Let b(a) = a**3 + 6*a**2 + 3*a - 7. Let h be b(-5). Suppose -3*m + 893 = -67. Suppose -h*s + 2*i = -m, -5*i = 3*s + 74 - 408. What is the tens digit of s?
0
Let h(y) be the first derivative of y**4/4 + 6*y**3 + 8*y**2 - 18*y + 6. Let c be h(-17). What is the tens digit of c - -3 - (-72 + 2/2)?
7
What is the tens digit of (28/8 + (-190)/(-76))/((-4)/(-4610))?
1
Suppose -2*k + 74 = 40. Suppose 11*s = k*s - 18. Suppose -3*b + 135 + 225 = s*h, 5*h = -b + 580. What is the tens digit of h?
1
Let d be ((-100)/(-2))/((-7)/(-28)). Suppose 2*r + d = 1336. Suppose -7*c + r = -265. What is the hundreds digit of c?
1
What is the thousands digit of (-4)/((-56)/(-182)) + 16453?
6
Suppose -18*q - 21325 = -308677. What is the thousands digit of q?
5
Suppose -6*d - 113 = 1597. Let m = 692 + d. What is the tens digit of m?
0
Let b = -363 + 155. Let g = b - -90. Let m = -17 - g. What is the hundreds digit of m?
1
Let k be 52/60 - 2/(-15). Suppose -1 + k = 3*z. Suppose -3*g - l + 239 = z, 2*l + 0*l = -3*g + 238. What is the tens digit of g?
8
Suppose 0 = -12*j + 15*j - 4*g - 16983, 0 = -5*j + 5*g + 28305. What is the units digit of j?
1
Let m be (214236/(-21))/(-6) - 6/21. Suppose u + 4*u = -5*x + m, 5*x - 2*u - 1728 = 0. Suppose 4*q + x = 12*q. What is the tens digit of q?
4
Let c = -77 + 225. Suppose -c - 266 = -9*j. What is the units digit of j?
6
What is the thousands digit of 117/26*53/9*2268/2?
0
Suppose -20 = -5*d, 0 = 2*m - 3*d + 6*d + 3546. Let p = m + 2549. Suppose -3*j + 2*u = -p, 2*j - 2*u - 510 = -0*j. What is the hundreds digit of j?
2
Let l(w) = 2*w**3 - 3*w**2 + 2*w - 3. Let g(q) = -q**2 - 9*q - 10. Let s be (1/2 - 90/12)*1. Let j be g(s). What is the tens digit of l(j)?
8
Suppose 5*n - 2*o = 2359, n + 3*o - 482 = -0*n. Let g = n + -835. What is the units digit of g/(-2*(2 - 1))?
1
What is the ten thousands digit of 93190*52/(-390)*45/24*-2?
4
Let g = -126 + 129. Suppose -g*o - 6 = 0, -2*y - 5*o = -10*o - 744. What is the tens digit of y?
6
Let r(j) = 2 + 4 - 6 - 4 + 14*j**2 - 6*j. What is the units digit of r(7)?
0
Let m(h) = 44*h**2 - 4*h + 7. Let c = -176 - -78. Let s = c - -100. What is the hundreds digit of m(s)?
1
Let p(g) = 264*g**2 - 38*g - 198. What is the units digit of p(-6)?
4
Let i